er when 93 is divided by g.
21
Let y = -14 + 60. Calculate the remainder when y is divided by 15.
1
Let g(q) = -q**2 - 5*q + 6. Let o be g(-6). Suppose o = -5*a - 3*z + 90, a - 18 = -5*z + 22. Calculate the remainder when -1*1 + 1 - -29 is divided by a.
14
Let f be ((-4)/14)/(3/(-21)). Suppose -5*h + f*g + 0*g = -25, 4*h - 5*g - 37 = 0. What is the remainder when 10 is divided by h?
1
Let o(v) = 4*v**2 - 28*v + 20. Calculate the remainder when 102 is divided by o(8).
50
Let q = -40 + 91. Let r = -32 + q. Suppose 2*a = -s + 16, 3*a + 10 = 3*s - 11. What is the remainder when r is divided by s?
9
Let s(o) = -3*o**3 - 2*o**2 - 2*o. Let a = 5 - 4. Let v = a + -3. What is the remainder when s(v) is divided by 7?
6
Suppose 39 = 4*d - 5*i - 14, 4*d - 2*i - 50 = 0. Calculate the remainder when 35 is divided by d.
11
Let i(g) = g**2 - 5*g + 2. Suppose 3*k - 6 = 12. Let t be (k/4)/((-3)/(-12)). What is the remainder when 14 is divided by i(t)?
6
Suppose -3*i - 2 = -5. Let o(w) = -4*w - 4. What is the remainder when o(-9) is divided by 22*((-3)/(-2) - i)?
10
Suppose 8*k - 48 = -16. What is the remainder when 106 is divided by k?
2
Suppose -4 = -q + 1. Let h = 8 + -5. Calculate the remainder when q is divided by h.
2
What is the remainder when -154*3/(-6)*1 is divided by 16?
13
Let g be ((-4)/12)/((-2)/12). Suppose -p - 2*l + 0*l + 43 = 0, g*l = 2*p - 86. What is the remainder when p is divided by 15?
13
Suppose -5 = 2*c + 1. Suppose 4*u - l - 160 = -52, 4*u = 4*l + 96. Calculate the remainder when u is divided by 1*12 + c/(-1).
13
Let o = -2 + 3. Calculate the remainder when 1 + o + 2 + 3 is divided by 2.
1
Suppose -102 = 4*n - 2. Let p = 42 + n. What is the remainder when 50 is divided by p?
16
Let h(y) = -y + 27. What is the remainder when h(0) is divided by 10?
7
Let v = 34 - 20. What is the remainder when v is divided by 6?
2
Suppose 8*l = 3*l + 25. Calculate the remainder when 14 is divided by l.
4
Let p(v) be the first derivative of -v**3/3 - 5*v**2/2 - 8*v + 2. Let m be p(-8). Calculate the remainder when m/(-2*1) + -1 is divided by 8.
7
Suppose -44 = v - 5*v + 4*c, 0 = 5*v + 2*c - 34. Calculate the remainder when v is divided by (-6)/(-15) - 39/(-15).
2
Suppose -21*z + 25*z - 356 = 0. Calculate the remainder when z is divided by 18.
17
Suppose -i + 12 = -2*j - 7, 4*i = -4*j - 20. Let m(p) = -p - 10. Let r be m(j). Calculate the remainder when 16 is divided by 9/(r/2 + 2).
7
Let s = 1 - 6. Let h(d) = -d**3 - 5*d**2 - 2*d - 4. Calculate the remainder when 51*(1*-2)/(-6) is divided by h(s).
5
Suppose 3*r - 2*r - 32 = 0. Suppose n - r = 26. Calculate the remainder when n is divided by 20.
18
Let v be 6/27*3*3. Suppose -v = -2*s + 2*d - 0, d = 5*s - 21. Calculate the remainder when 9 is divided by s.
4
Let a be (-1)/3 + 57/9. Let p(l) be the third derivative of l**6/120 - 7*l**5/60 + l**4/3 - 4*l**3/3 + l**2. Calculate the remainder when 10 is divided by p(a).
2
Let r(u) = -u**3 + 4*u**2 + 3*u - 2. Calculate the remainder when 77 is divided by r(3).
13
Suppose -4*u = -h - 171, 0*h - 90 = -2*u - 4*h. Suppose y = 5*d + 27, -y + 0*y + u = 3*d. What is the remainder when y is divided by 13?
11
Calculate the remainder when 93 is divided by -6*(40/(-6) - -4).
13
Let i = -9 + 9. Calculate the remainder when 4 is divided by 3/6*i - -2.
0
Let n(u) = -u**3 + 5*u**2 - 3*u. Let r be n(4). Suppose 1 + 3 = r*t. Let w(x) = 3*x + 1. Calculate the remainder when w(t) is divided by 3.
1
Suppose -3*v = -5*g + v, -5*g - 2*v = -30. Let u be 473/g + (-3)/(-4). Let i = -77 + u. Calculate the remainder when i is divided by 15.
12
Suppose -5*d + 209 = -106. What is the remainder when d is divided by 22?
19
Suppose -5 = 5*j - 50. What is the remainder when 22 is divided by j?
4
Suppose 10 = -4*i - 5*p + 2, 2*i = 3*p + 18. Suppose -15 = -i*j + 2*a, -3 = j + a + a. What is the remainder when (-46)/(-6) - 4/6 is divided by j?
1
Let g = -26 + 30. What is the remainder when 10 is divided by g?
2
Let x(g) = -g + 6. Let v = 106 - 201. What is the remainder when (-2)/(-6)*(-2 - v) is divided by x(-5)?
9
Let i(q) = -3*q + 1. Let f(y) = -y + 1. Let w(d) = -2*f(d) + i(d). Suppose 0 = -z + 2. What is the remainder when z is divided by w(-3)?
0
Let n(t) = -t**3 - 2*t**2 + 10*t + 7. Let b be n(-6). Suppose 4*u - 5*w = -0*u + 115, 3*w = -4*u + b. What is the remainder when u is divided by 75/6 + 1/2?
12
Suppose -2*g = -0*g - 8. Calculate the remainder when 18 is divided by g.
2
Let b(i) = 2*i**2 - 18*i + 1. Calculate the remainder when (62/6)/(2/12) is divided by b(10).
20
Calculate the remainder when 47 is divided by 459/18 + 9/(-6).
23
Suppose -2*g - 4*b + 52 = -0*b, -2*b = 8. What is the remainder when 135 is divided by g?
33
Suppose -f = -1, -12 + 1 = -2*v + f. What is the remainder when 2 is divided by ((-8)/v)/(12/(-18))?
0
Let k(d) = 2*d**2 + 10*d - 3. Let j = 55 - 43. What is the remainder when k(-8) is divided by j?
9
Let l = 12 - 7. Calculate the remainder when l is divided by 1.
0
Suppose 3*g = -3*s + 9, -4*g - 2*s + 8 = s. What is the remainder when (-21)/(-2) - g/(-2) is divided by 4?
2
Let y be 0/(1 + -2 - -4). What is the remainder when 14 is divided by y + 4 + 8/2?
6
Suppose 0 = -n + 3 - 4. Let u = n - -18. What is the remainder when 393/12 + (-2)/(-8) is divided by u?
16
Let f = 2 + -13. Let o = f - -31. Calculate the remainder when (-95)/2*12/(-15) is divided by o.
18
Let s(p) be the first derivative of -27*p**2/2 + p - 1. Let m be s(1). Calculate the remainder when 41 is divided by 920/65 - (-4)/m.
13
Let y(f) = f**3 - f**2 + 2. Suppose -d + 5*j + 13 = -9, 33 = 2*d + j. Suppose 4*b - 3*b - d = 0. Calculate the remainder when b is divided by y(2).
5
Let t be 2/3 - 4/(-3). Suppose -4*v = t*z - 30, v - 13 + 38 = 2*z. Calculate the remainder when 40 - (4 - 8/4) is divided by z.
12
What is the remainder when 7 is divided by (-9)/2*6/(-9)?
1
Let p = -37 + 65. What is the remainder when 193 is divided by p?
25
Suppose l = -4*s - 26 + 101, -l - 85 = -4*s. Suppose 0 = -4*z + 8 - 100. Let o = 36 - z. Calculate the remainder when o is divided by s.
19
Let s(w) = w**3 - 6*w**2 + w. Let l(k) = 2*k**2 - 5*k + 4. Calculate the remainder when l(4) is divided by s(6).
4
Let z(u) = 2*u**2. Suppose -3*a + 0*i + 46 = -5*i, 5*i + 2 = a. Calculate the remainder when a is divided by z(2).
6
Let c(k) = k**3 + 10*k**2 + 16*k + 8. Suppose 0*z + z = d + 16, -z + 4*d = -22. Calculate the remainder when z is divided by c(-8).
6
Let l(f) = 5*f + 3. Let m(o) = o - 7 - o - 11*o. Let h(j) = 5*l(j) + 2*m(j). What is the remainder when h(3) is divided by 4?
2
Suppose 4 - 52 = -4*h. Calculate the remainder when 45 is divided by h.
9
Let l = 58 - 28. What is the remainder when l is divided by 8?
6
Let m(c) = 3*c**2 + 2*c + 1. Suppose 21 = -4*p + 285. Let x = p - 34. What is the remainder when x is divided by m(2)?
15
Let b = 134 - 53. Calculate the remainder when b is divided by 42.
39
Let x = -7 - -34. Calculate the remainder when x is divided by 10.
7
Let b = 175 + -168. What is the remainder when 12 is divided by b?
5
Let h(p) = p**2 + 9*p + 6. Suppose 4*n + 39 + 1 = 0. Suppose 113 = 4*c - 7. Calculate the remainder when c is divided by h(n).
14
What is the remainder when (2 - (1 - 0)) + 66 is divided by (-1)/3 - 688/(-48)?
11
Let m(v) = 2*v**2 + 5*v + 12. Suppose -4*g + 7 + 45 = 0. What is the remainder when m(-5) is divided by g?
11
Let x(a) = 8*a + 6. Calculate the remainder when 116 is divided by x(3).
26
Calculate the remainder when (8 - 6)/((-2)/(-48)) is divided by 17.
14
Let t = 0 - 0. Let b(f) = f**3 + 6*f**2 - 2. What is the remainder when b(-4) is divided by (-2 - -10)*(2 + t)?
14
Let n(c) = c**3 + c - 21. Let f be n(0). Let o be 2/(-7) - 573/f. Suppose -77 = -2*h + 2*s - o, 2*s = -5*h + 104. What is the remainder when h is divided by 12?
10
Calculate the remainder when 1/(-1 + 2) + 46 is divided by 12.
11
Let g(b) = 2*b + 3. Let c be 3 - (-1 - -2 - 2). Suppose 9 = q + q + k, 2*q - 12 = -c*k. What is the remainder when g(4) is divided by q?
3
Let w(j) = 3*j**3 - 3*j**2 + 4*j - 2. Suppose -k = 4*k - 10. Calculate the remainder when 35 is divided by w(k).
17
Let k be -39*((0 - -2) + -3). What is the remainder when 37 is divided by (6/(-9))/((-2)/k)?
11
Let l(v) = v**3 - 3*v**2 - 3*v + 2. Let 